, 4*n = -c. What is the tens digit of t?
1
Let q(s) = 3*s**2 - 2 + 7 - 7. Let v(o) = o**3 + 4*o**2 + o - 3. Let m be v(-3). What is the units digit of q(m)?
5
Let d(i) = 0*i + 2*i + 3*i**2 + 5 + 2*i. Suppose -28*j + 20 = -23*j. What is the tens digit of d(j)?
6
What is the hundreds digit of 60/(-20)*(-465)/9?
1
Let r = 718 + 1257. What is the hundreds digit of r?
9
Suppose 0 = -6*g + 2*g + 64. Let s = g + -12. What is the units digit of s?
4
Let v(g) be the first derivative of -g**6/360 + 7*g**5/60 + g**4/3 - g**3 + 6. Let t(m) be the third derivative of v(m). What is the units digit of t(14)?
8
Let c(u) = -3*u**3 - 14*u**2 + 11*u + 9. What is the hundreds digit of c(-11)?
1
Suppose 308*l - 1134 = 302*l. What is the tens digit of l?
8
Suppose 5*t - 2*t = 111. Suppose 7*u - 4*u + 66 = 0. Let j = u + t. What is the tens digit of j?
1
Let x(h) = 122*h**2 - 6*h + 3. What is the units digit of x(1)?
9
Let k(i) = -i**3 - 6*i**2 + 11*i + 18. Let l be k(-11). Suppose 4*u - l = -u - 3*w, -2*u + 2*w = -188. What is the tens digit of u?
9
Let h = 58 - 116. What is the hundreds digit of (1 + h/(-4))/((-4)/(-40))?
1
Let j be 4/(-18) + (-1012)/(-18). Let b(a) = a**3 - 14*a**2 - 14*a + 7. Let n be b(15). Let y = j - n. What is the units digit of y?
4
Suppose 3*r = 0, 0*r - 38 = -2*z + 2*r. Let i = 8 + z. What is the tens digit of i?
2
Suppose -24 = -x - 4*j, -2*x - 7 = -0*j - 3*j. Suppose -x*f - 2*q + 3*q + 19 = 0, -2*f - 3*q = -13. Suppose a + 0 = f. What is the units digit of a?
5
Let a = -127 - -135. Suppose -a = -t + 34. What is the tens digit of t?
4
Suppose 2*v + 4*i - 1062 = 0, -5*v - i + 3841 = 1150. What is the hundreds digit of v?
5
Suppose -11*j + 13*j - 394 = 0. Suppose -2*q + 0*q = -5*h + 194, 5*h - q - j = 0. Suppose 5*g = h - 15. What is the units digit of g?
5
Suppose -a + 0 + 2 = 0, 0 = 4*w + 3*a - 110. Suppose 0 = -g + 141 - w. What is the tens digit of g?
1
Suppose -1745 = -n + 3*u, -n + 4*u + 1750 = -0*u. What is the hundreds digit of n?
7
Suppose -13 - 5 = -6*z. Suppose -z*d + 3*s = -108, -3*s - 63 - 85 = -4*d. What is the units digit of d?
0
Suppose 32 = -5*v + 7*v. Suppose v = s - 7. What is the units digit of s?
3
What is the tens digit of ((-159)/(-6))/((-28)/(-728))?
8
What is the units digit of 28 - -2 - (-84)/14?
6
Let p = 5 + -14. Let l = -6 - p. Suppose l = 4*r - 1. What is the units digit of r?
1
Let g be (-4)/18 - (-12)/54. Suppose -t + l + 22 = g, 8 - 2 = -3*l. What is the tens digit of t?
2
Let o = 31 + -27. Suppose -o*v - 97 = -801. What is the units digit of v?
6
Suppose 0*a + 4*q = a + 85, -a - 69 = 4*q. Let o = a + 173. What is the tens digit of o?
9
Let b(i) = i**2 - 43*i - 38 - 2*i**2 + 23*i - 8*i. What is the units digit of b(-17)?
9
Let b be (-4)/((-24)/15)*-26. What is the tens digit of 6/10 + (-1846)/b?
2
Suppose t - 48 = 3*t. Let a be ((-218)/4)/(6/t). Suppose a = 3*w + 41. What is the units digit of w?
9
Let f(p) = -2*p**3 - 44*p**2 - 2*p + 42. What is the units digit of f(-22)?
6
Let n be (3/2)/(1/2). Suppose 295 + 89 = n*d. What is the hundreds digit of d?
1
Suppose 0*k + 6541 = 5*q - k, 2*k = 4*q - 5234. What is the thousands digit of q?
1
Let n = 185 - 122. What is the hundreds digit of 6040/28 + 18/n?
2
Let b(a) = -a**3 + 4*a**2 - a - 4. Let t be b(3). What is the units digit of (55 + -2 - -3)/t?
8
Let x = -4550 + 8175. What is the units digit of x?
5
Let c be (58/6)/(2/18). Let w = 131 - c. What is the tens digit of w?
4
What is the hundreds digit of (9*14/63)/(4/3908)?
9
Suppose 10844 = -18*l + 22*l. What is the tens digit of l?
1
Suppose 1237 + 2059 = 8*r. What is the tens digit of r?
1
Suppose 4*u - 5*s = 2*u + 890, u = 5*s + 445. What is the units digit of u?
5
Let b(t) = 53*t - 442. What is the units digit of b(19)?
5
What is the tens digit of (6 + (-399)/(-4))*28?
6
Let l(k) = k**2 - 14*k + 11. Let p be (-32)/6*(-39)/26. Let g be l(p). Let o = -29 - g. What is the units digit of o?
8
Suppose 2*p = 3*p + 34. Let l(g) = -5*g + 153. Let i be l(34). Let d = i - p. What is the tens digit of d?
1
Let u be 5/((-21)/6 - -4). Suppose 2*c = 4*c - 172. What is the units digit of (c/u)/(12/60)?
3
Suppose -5 = -3*m + 13. Let c be 402/4*m/3. Let d = c + -141. What is the units digit of d?
0
Let r(f) be the third derivative of -1/60*f**5 + 0 + 1/2*f**4 - 5/3*f**3 + 0*f - 3*f**2. What is the tens digit of r(7)?
2
Let d(y) = -4*y**3 + 2*y**3 - y**3 + 0*y**3 + 3 + y**2. What is the units digit of d(-3)?
3
Let z be 93/7 + (-2)/7. Suppose 3*g = 100 - z. Let c = g + -2. What is the tens digit of c?
2
Let m(v) = 5*v - 1. Let i be m(1). Let z = -2 + i. Suppose -45 = -4*a - 2*c + 7*c, 0 = z*a + c - 5. What is the units digit of a?
5
Let w = 4440 + -1574. What is the thousands digit of w?
2
Let n(q) = -26*q - 20. Let z be n(-7). Suppose -6*t - 36 + z = 0. What is the tens digit of t?
2
Let d = 2881 - 1211. What is the units digit of d?
0
Suppose 0 = -5*l - z + 21393, 17097 = 4*l - 0*z - 5*z. What is the units digit of l?
8
Suppose 0 = 9*h - 8895 - 6675. What is the hundreds digit of h?
7
Let f(v) = v**3 + 15*v**2 + v - 1. What is the units digit of f(-13)?
4
Let a(r) = 11*r**2 - 46*r - 4. What is the hundreds digit of a(-5)?
5
Suppose -12 = -4*b, 0*b - 1266 = -4*q - 2*b. What is the hundreds digit of q?
3
Let q(r) = -r**3 - 5*r**2 - 5. Let a = -45 - -22. Let g = a + 17. What is the units digit of q(g)?
1
Let t = 533 - -627. What is the thousands digit of t?
1
Let u be (-26)/(-3) - (56/12 - 5). What is the hundreds digit of 6/(-27) + 1757/u?
1
Suppose 8*n - 4*o - 29 = 3*n, -1 = o. Let s(w) = 2*w**3 + w**2 - 4*w**2 - w**3 - 2*w**2 + 3*w - 1. What is the tens digit of s(n)?
1
Let t(x) = 74*x - 111. What is the units digit of t(8)?
1
Suppose 149*t - 1949 = 148*t + 4*l, 2*t = 2*l + 3892. What is the thousands digit of t?
1
Suppose 0 = -4*r + q - 30 + 141, 0 = -5*r - 2*q + 155. Suppose -2*t + r = -2*l - 29, 0 = -3*t - 4*l + 87. What is the units digit of t?
9
Let k(d) = -d + 14. Suppose -m + 49 = 4*n, 0 = -4*n - m - 4*m + 69. Let u be k(n). Suppose 0*a - u*a + 9 = 0. What is the units digit of a?
3
Suppose 0 = -2*y + 3*p + 596, -5*y + p = 2*p - 1524. Suppose -4*c - y = -3*d, -d + c = 2*c - 92. What is the tens digit of d?
9
Suppose 3*j - d - 15 + 3 = 0, -3*j + 5*d = 0. Let f be (3 - j)*1 + 1. What is the units digit of f*-25*(2 + -1)?
5
What is the hundreds digit of (-12)/(-42)*-7 - -3917?
9
Suppose -3*b - h = -10394, 4*h - 39 = -19. What is the tens digit of b?
6
Let a = 153 + -157. Let f(v) = 6*v**3 + 9*v**2 + 5*v + 7. Let n(u) = u**3 + u**2 + 1. Let x(m) = -f(m) + 5*n(m). What is the tens digit of x(a)?
1
Let s(h) = 26*h**2 + 22*h + 39. What is the units digit of s(-2)?
9
Suppose o + 1 = 0, -1 = -5*i - 5*o + 14. Suppose -31 - 205 = -i*g. What is the units digit of g?
9
Let q(s) = 4*s - 11. Suppose 4*k + 3*o - 28 = 2*o, 0 = -3*o + 12. Let j be q(k). Suppose 0 = -3*w - j + 49. What is the tens digit of w?
1
Let s be (-1)/(-4)*4 + -5. What is the units digit of ((-73)/(-3))/(s/(-12))?
3
What is the units digit of ((-5340)/40)/(1/(-2))?
7
Let d(z) = 6*z + 441. What is the tens digit of d(0)?
4
Let u = 45 - 40. Suppose 9 = 2*q - u. What is the units digit of q?
7
Suppose 3*p = 2*z - 2712, 5*p + 14 + 6 = 0. What is the hundreds digit of z?
3
Suppose -58 = -5*o - 953. Let i = o + 335. What is the hundreds digit of i?
1
Let a be (-1 + (26 - 3))*1. What is the units digit of a/99 + 410/18?
3
Let b(p) be the third derivative of -p**4/12 - 8*p**3/3 + 3*p**2. What is the units digit of b(-13)?
0
Suppose 0*a + 2*a - 386 = -3*n, -4*n - 3*a + 514 = 0. Suppose -m - n = -3*d, -2*m - 2*m = -5*d + 226. Suppose -2*z = z - d. What is the units digit of z?
4
Suppose 4*y = 2*m + 390, -m - 175 = -2*y + 4*m. Let v = y - 0. Suppose -5*s = -s - v. What is the tens digit of s?
2
What is the hundreds digit of (-6)/(-45) - (-25852)/60?
4
Let d(r) = 4*r + 14. Let s = 9 - 2. What is the units digit of d(s)?
2
Let b(y) = 11*y - 10. Let x be b(-1). Suppose 0 = -5*s + 4*s + 36. Let k = x + s. What is the tens digit of k?
1
Let r(m) = 44*m**2 + 26*m - 25. What is the thousands digit of r(-10)?
4
Suppose 2*v + 2*v = 60. Let p be 9/(-15) + 39/v. What is the units digit of -1 + (p - -190)/3?
3
Let y(j) = -17*j + 3. Let d(q) = 35*q - 7. Let v(k) = 2*d(k) + 5*y(k)